et u be w(-4). Let v be 38/u - ((-244)/36 + 7). Calculate the greatest common factor of 4 and v.
4
Suppose -1815 = 4*k - 9*k. Suppose -2*x + 5*x - k = -4*j, x = j - 96. Calculate the greatest common factor of j and 3.
3
Let q = 1187 + -1112. Calculate the highest common divisor of 735 and q.
15
Let s be ((-80)/(-30))/((-8)/(-36)). Suppose 20 = -s*h + 17*h. Calculate the highest common divisor of 128 and h.
4
Suppose 4154 = -1417*a + 1419*a. Suppose -10*k = -a + 177. Calculate the highest common factor of k and 38.
38
Suppose l + 276 = 4*l. Let r = l - 64. Let q be 135/(-20)*-4 - (-3)/3. Calculate the highest common factor of r and q.
28
Let x be -3*(-6 + 39/9). Suppose 5*s - 3*t = 10, 5*t + 1 + x = 3*s. Calculate the greatest common factor of 7 and s.
1
Let y = -4 + 4. Let u be 49 + (y - (-2 - -1)). Suppose 66*k - 70*k + a + 43 = 0, k - 22 = 4*a. Calculate the highest common divisor of k and u.
10
Let l(z) = 143*z**2 + 4. Let u be l(-2). What is the greatest common factor of u and 1392?
48
Let x = 19 - -16. Let d(z) = 18*z - 26. Let m(v) = -v**3 + 7*v**2 - 4*v + 30. Let l be m(7). Let t be d(l). What is the highest common divisor of t and x?
5
Let n = 3797 + -872. Calculate the greatest common factor of n and 468.
117
Let v be 15/(8/(200/15)). Suppose 95 = 5*w - v. Let x(f) = f**2 + 10*f + 8. Let u be x(-10). Calculate the highest common divisor of w and u.
8
Suppose 0 = u + 4*s - 10, 2*u - u + 3*s - 7 = 0. Let b be (1 + (-11)/3)*345/u. Suppose b = -2*q + 6*q. Calculate the highest common divisor of q and 23.
23
Let w be (-1)/(-2) + 71/2. Let y = -34 + w. Calculate the greatest common factor of 14 and y.
2
Let o = 103 + -78. Suppose -32*q = -o*q - 126. What is the highest common divisor of 450 and q?
18
Let o be -34*((-2)/3)/(18/27). Let y(v) = -v - 3. Let h be y(-5). Let c be -11 + 10 + o/h. What is the greatest common divisor of c and 64?
16
Suppose 7*m - 607 = 646. Suppose 2*r - g + 0*g = m, 4*g = -5*r + 467. Calculate the highest common divisor of r and 819.
91
Suppose 5 - 22 = 17*o. Let t be 3*o + (15 - 7). Calculate the greatest common factor of t and 2.
1
Let q be (6 + 50/(-20))/(1/4). What is the highest common factor of q and 27986?
14
Let s(d) = 2*d + 84. Let h be (0 - 5)/(2/4). Let q be 0/(15/h*(-8)/(-6)). Let z be s(q). What is the highest common factor of 21 and z?
21
Suppose 40*o + 3*d - 3604 = 36*o, 2*o = -d + 1802. Let r = 135 - 82. What is the highest common factor of o and r?
53
Let f(g) = g + 15. Let o be f(13). Suppose -x = 4*x - 4*s - 48, -2*s = 4*x - o. What is the greatest common divisor of 136 and x?
8
Suppose -r = 20*v - 15*v - 43, 4*r = 3*v + 172. Let j be (-2405)/(-8) + (-9)/(-24). What is the highest common divisor of r and j?
43
Let h(m) = -10*m**2 + 504*m + 151. Let u be h(50). Let f = 63 - 36. Calculate the greatest common factor of u and f.
27
Let t be 0 + -2 - (1 - 12). Let x = -11731 - -11812. Calculate the highest common factor of x and t.
9
Suppose -325611 = 98*p - 219*p. What is the highest common factor of p and 39?
39
Suppose 42*d - 1144 = 1040. Suppose -4*f + 5*f = l - 5, 2*l - 13 = 5*f. Calculate the highest common divisor of d and l.
4
Let g be (-19)/19*19 - -4505. What is the highest common factor of 2 and g?
2
Let v = 31671 - 31659. What is the greatest common divisor of v and 3732?
12
Suppose -18*w + 3360 = 52*w. Calculate the greatest common divisor of w and 72.
24
Let p(a) = a**3 - 9*a**2 - a + 59. Let k be p(8). Let h be (4 - -592) + k/((-39)/18). What is the highest common factor of h and 14?
14
Let x = 161 + -156. Suppose -x*t = 10, 0*q + 3*q - 1219 = -t. What is the greatest common divisor of 11 and q?
11
Let k be (-61)/(-2 - 1/4*-4). Suppose 673 = u - h, -2*u + 3*u + h - 669 = 0. Calculate the highest common divisor of u and k.
61
Let h be 2/(-4) + 45/(-30). Let c be (21 + -4)/(h/(-4)). What is the highest common factor of c and 357?
17
Let c be (2*(-1)/(-4))/(((-16)/16)/(-2)). What is the greatest common divisor of 598 and c?
1
Let y = -4488 - -4593. Calculate the greatest common divisor of 210 and y.
105
Suppose 1967 = 19*v - 2403. Calculate the greatest common divisor of 20 and v.
10
Let p be (-3 - -3) + 18/(-2). Let u = 1 - p. Let q(m) = -598*m - 6576. Let b be q(-11). Calculate the highest common divisor of u and b.
2
Suppose 6 = 7*d - 8. Suppose 0 = d*p - 2*a - 50, 5*p - 2*a + 5 = 118. What is the greatest common divisor of 21 and p?
21
Let f(v) = v**3 - 8*v**2 - 3*v + 64. Let j be f(8). Suppose -159*y + 157*y = -1360. What is the greatest common factor of j and y?
40
Suppose z - 3*z = -6. Suppose z*r - 29 = 1. Suppose 75 = 4*b - 3*p, 3*p + 80 = 5*b + 2*p. What is the greatest common divisor of r and b?
5
Suppose -5*q - 5*l + 485 = 0, 2*q - l - 255 + 52 = 0. What is the greatest common divisor of 725 and q?
25
Let f(j) = 4*j - 52 + 96*j - 23*j. Let p be f(2). What is the greatest common divisor of 51 and p?
51
Let v(l) = -5*l - 8. Let g be v(-3). Let a = 37 + -17. Let b be (a + 0)/(g/7). Calculate the highest common factor of 8 and b.
4
Suppose -3*y + 216 = 3*p, -3*y + 53*p - 48*p = -240. Let z = -15 - -40. Calculate the highest common factor of z and y.
25
Let c = 6236 + -3196. Calculate the greatest common divisor of 48 and c.
16
Let m be (0 - -2)/2*60. Let i = -357 + 418. Suppose -6*o - t - i = -11*o, -5*o = -2*t - 62. Calculate the highest common factor of o and m.
12
Let w be ((-6)/7)/(262/(-783118)). What is the highest common divisor of w and 9?
3
Let l(n) be the first derivative of n**4/4 - 2*n**3 + 29*n - 66. Let j be l(6). Calculate the greatest common divisor of 145 and j.
29
Suppose -y + 4*y - 34 = -h, 3*h - y = 132. Suppose l - 5*z + h = -0, 6 = 2*z. Let j = l - -33. What is the highest common factor of j and 5?
5
Let u(b) = -b**3 + 14*b**2 - 20*b - 12. Let n be u(6). Calculate the highest common divisor of 48 and n.
12
Let a = 0 + 125. Let g = -50 - -50. Suppose g*p + 4*p - 5*i - 105 = 0, -i + 24 = p. Calculate the highest common divisor of p and a.
25
Suppose -62 = 4*f + 6. Let z(x) = -5*x - 33. Let c be z(f). Let t = c + -43. Calculate the greatest common divisor of t and 9.
9
Let j = 60 - -73. Suppose -23 = -7*c + 110. What is the highest common divisor of c and j?
19
Suppose -q = -2*q + 3, -1 = -2*y + 3*q. Suppose y*m = 7 + 3. Suppose -4*g + 8 = 2*z - 6, m*z = 4*g - 2. Calculate the highest common factor of z and 3.
3
Suppose 4*w - 1928*r = -1926*r + 234, 3*w = -r + 193. Let k(h) = 11*h**3 + 2*h**2 - 3*h + 3. Let f be k(2). What is the highest common factor of f and w?
31
Let h be 25*-1 + (-44 - -44). Let v be (1 - 0)/(h/25)*-2. What is the greatest common factor of 54 and v?
2
Let g be 142 - (8 - -1)/(-3). Let u = 70743 - 70714. Calculate the greatest common factor of u and g.
29
Suppose 11*d + 25 = 80. Suppose -f - 21 = -3*j + 31, d*f = -4*j + 44. What is the greatest common divisor of j and 152?
8
Suppose 0 = 22642*w - 22650*w + 88. Calculate the highest common factor of w and 2827.
11
Let m(n) = -n**3 + 9*n**2 + 13*n + 24. Let w be m(8). What is the greatest common divisor of 45 and w?
3
Let h(l) = -l**2 - l + 208. Let a be h(0). Suppose 2*o - 3*u = 178, 2*o - a + 34 = 4*u. Let r = o - 75. What is the highest common factor of r and 20?
20
Let f(m) = 3*m**2 + 16*m + 7. Let n = -651 - -644. Let x be f(n). Suppose b + b = 84. Calculate the highest common factor of b and x.
42
Let q(v) = v**3 + 11*v**2 - v - 8. Let f be q(-8). Let a = f - 129. What is the greatest common factor of 27 and a?
9
Let q(k) be the second derivative of 1/20*k**5 - 4*k + 7/3*k**3 + 0 - k**2 + k**4. Let r be q(-10). What is the greatest common factor of 145 and r?
29
Let n be -3*((-9)/(-21) + (-176)/84). Suppose 29 + 51 = n*p. Let l be -3 - (-5 + 1 + -1). Calculate the highest common factor of l and p.
2
Let q be ((-129)/(-215) - (-101)/40)*8. Calculate the greatest common factor of q and 335.
5
Let o be -3*55/(-10)*(-8)/(-2). Let q(l) = 22*l**2. Let g be (-16)/12*-3 - 3. Let h be q(g). Calculate the highest common divisor of h and o.
22
Let n(z) = 288*z - 389. Let q be n(6). Calculate the highest common factor of 39 and q.
13
Let t be (1211/77 - 4)*88/8. What is the greatest common factor of 177 and t?
3
Suppose -3*t + 363 = 3*a, -4*a - 64*t = -69*t - 529. What is the greatest common fact